{"id":7339,"date":"2026-02-06T12:30:20","date_gmt":"2026-02-06T11:30:20","guid":{"rendered":"https:\/\/barf-aalborg.dk\/?post_type=product&#038;p=7339"},"modified":"2026-04-01T09:12:50","modified_gmt":"2026-04-01T07:12:50","slug":"amanova-adult-hund-digestive-divine-kanin-10-kg","status":"publish","type":"product","link":"https:\/\/barf-aalborg.dk\/index.php\/vare\/amanova-adult-hund-digestive-divine-kanin-10-kg\/","title":{"rendered":"Amanova Adult hund digestive Divine kanin 10 kg"},"content":{"rendered":"<p><strong>Fuldfoder til hunde fra 12 m\u00e5neder.<\/strong><\/p>\n<p>ANBEFALES SPECIELT TIL HUNDE MED SART FORD\u00d8JELSE<\/p>\n<p><strong>SAMMENS\u00c6TNING:<\/strong>\u00a0Frisklavet kanin 64% (vi bruger 120 kg frisklavet kanin til at fremstille 100 kg af vores\u00a0produkt), t\u00f8rret kartoffel, hele gr\u00f8nne \u00e6rter, \u00e6blefiber, g\u00e6rstoffer (Sacharomyces cerevisiae), kaninhydrolysat, johannesbr\u00f8dsmel, kartoffelprotein, kyllingeolie (beskyttet med naturige tokoferoler), mineraler, h\u00f8rfr\u00f8 (naturlig ommega-3 fedtsyrekide), fiskeolie (beskyttet med naturige tokoferoler), s\u00f8d kartoffel, tapioka, glucosamin 1400 mg\/kg, t\u00f8rret broccol, t\u00f8rret gr\u00f8nk\u00e5l, antarktisk kril, kelp, spirulina, cikorie (FOS-kilde) 1000 mg\/kg, hydrolyseret g\u00e6rcellev\u00e6g (MOS-kilde) 1000 mg\/kg, t\u00f8rret gr\u00e6skar 1000 mg\/kg, tytteb\u00e6r 1000 mg\/kg, bl\u00e5b\u00e6r 1000 mg\/kg, t\u00f8rret gulerod 1000 mg\/kg, ingef\u00e6r, chondroitin 1000 mg\/kg, rosmarin 500 mg\/kg, Yucca schidigera.<\/p>\n<p><strong>ANALYTISKE BESTANDDELE:<\/strong>\u00a0r\u00e5protein 26,00%, r\u00e5fedt 16,00%, fedtsyre omega-3 0,60%, fedtsyre omega-6\u00a01,20%, tr\u00e6stof 4,00%, r\u00e5aske 7,50%, kalcium1,20%, fosfor 0,90%, oms\u00e6ttelig energi 3748 kcal\/kg.<\/p>\n<p><strong>Ern\u00e6ringsm\u00e6ssige tils\u00e6tningsstoffer:<\/strong>\u00a0A-vitamin 22000 E\/kg, D3-vitamin1800 IE\/kg, E-vitamin 450 mg\/kg, C-vitamin 100 ma\/ka.\u00a0jern (iernchelat() af aminosyrer, hydrat) 63 mg\/kg, kobber (kobberchelat (i) f aminosyrer, hydrat) 5 mg\/kg, mangan (manganchelat af aminosyrer, hydrat) 24 mg\/kg, zink (zinkhelat af aminosyrer, hydrat) 85 mg\/kg, selen (selenberiget g\u00e6r Sacharomyces cerevisiae NCYC R391, inaktiveret, g\u00e6rkompleks med selen) 0,20 mg\/kg, taurin 300 mg\/kg.<\/p>\n<p><strong>Teknologiske tils\u00e6tningsstoffer<\/strong>: antioxidanter: tocopherlekstraki fra vegetabilske olier. Zotekniske tils\u00e6tningsstoffer: probiotika Bacilus velzensis C-3102 (DSM 15544) 1 x 10\u00b0 CFU\/kg.<\/p>\n<p><strong>Opbevaring:\u00a0<\/strong>skal opbevares p\u00e5 et frisk og t\u00f8rt sted. Luk efter brug<\/p>\n","protected":false},"excerpt":{"rendered":"<p>Fuldfoder til hunde fra 12 m\u00e5neder. ANBEFALES SPECIELT TIL HUNDE MED SART FORD\u00d8JELSE SAMMENS\u00c6TNING:\u00a0Frisklavet kanin 64% (vi bruger 120 kg frisklavet kanin til at fremstille 100 kg af vores\u00a0produkt), t\u00f8rret kartoffel, hele gr\u00f8nne \u00e6rter, \u00e6blefiber, g\u00e6rstoffer (Sacharomyces cerevisiae), kaninhydrolysat, johannesbr\u00f8dsmel, kartoffelprotein, kyllingeolie (beskyttet med naturige tokoferoler), mineraler, h\u00f8rfr\u00f8 (naturlig ommega-3 fedtsyrekide), fiskeolie (beskyttet med naturige [&hellip;]<\/p>\n","protected":false},"featured_media":7340,"comment_status":"open","ping_status":"closed","template":"","meta":[],"product_brand":[18],"product_cat":[258,17],"product_tag":[64,65,19],"class_list":{"0":"post-7339","1":"product","2":"type-product","3":"status-publish","4":"has-post-thumbnail","6":"product_brand-optimanova","7":"product_cat-optimanova","8":"product_cat-toerfoder","9":"product_tag-fuldfoder","10":"product_tag-kornfrit-toerfoder-til-hunde","11":"product_tag-toerfoder","13":"first","14":"instock","15":"taxable","16":"shipping-taxable","17":"purchasable","18":"product-type-simple"},"_links":{"self":[{"href":"https:\/\/barf-aalborg.dk\/index.php\/wp-json\/wp\/v2\/product\/7339","targetHints":{"allow":["GET"]}}],"collection":[{"href":"https:\/\/barf-aalborg.dk\/index.php\/wp-json\/wp\/v2\/product"}],"about":[{"href":"https:\/\/barf-aalborg.dk\/index.php\/wp-json\/wp\/v2\/types\/product"}],"replies":[{"embeddable":true,"href":"https:\/\/barf-aalborg.dk\/index.php\/wp-json\/wp\/v2\/comments?post=7339"}],"version-history":[{"count":1,"href":"https:\/\/barf-aalborg.dk\/index.php\/wp-json\/wp\/v2\/product\/7339\/revisions"}],"predecessor-version":[{"id":7341,"href":"https:\/\/barf-aalborg.dk\/index.php\/wp-json\/wp\/v2\/product\/7339\/revisions\/7341"}],"wp:featuredmedia":[{"embeddable":true,"href":"https:\/\/barf-aalborg.dk\/index.php\/wp-json\/wp\/v2\/media\/7340"}],"wp:attachment":[{"href":"https:\/\/barf-aalborg.dk\/index.php\/wp-json\/wp\/v2\/media?parent=7339"}],"wp:term":[{"taxonomy":"product_brand","embeddable":true,"href":"https:\/\/barf-aalborg.dk\/index.php\/wp-json\/wp\/v2\/product_brand?post=7339"},{"taxonomy":"product_cat","embeddable":true,"href":"https:\/\/barf-aalborg.dk\/index.php\/wp-json\/wp\/v2\/product_cat?post=7339"},{"taxonomy":"product_tag","embeddable":true,"href":"https:\/\/barf-aalborg.dk\/index.php\/wp-json\/wp\/v2\/product_tag?post=7339"}],"curies":[{"name":"wp","href":"https:\/\/api.w.org\/{rel}","templated":true}]}}