{"id":7334,"date":"2026-02-11T14:21:19","date_gmt":"2026-02-11T13:21:19","guid":{"rendered":"https:\/\/barf-aalborg.dk\/?post_type=product&#038;p=7334"},"modified":"2026-02-11T14:21:20","modified_gmt":"2026-02-11T13:21:20","slug":"hurtta-expedition-parka-ii-hundedaekken","status":"publish","type":"product","link":"https:\/\/barf-aalborg.dk\/index.php\/vare\/hurtta-expedition-parka-ii-hundedaekken\/","title":{"rendered":"Hurtta Expedition Parka II hunded\u00e6kken"},"content":{"rendered":"<p>Expedition Parka II er et glimrende valg\u00a0<strong>til sm\u00e5 og store eventyr i koldt vejr for alle hunde.<\/strong><\/p>\n<p>Expedition Parkaen er\u00a0<strong>specielt udviklet til korth\u00e5rede hunde og hunde uden underuld<\/strong>, men i kolde forhold er den\u00a0<strong>ogs\u00e5 velegnet til alle andre hunde.<\/strong>\u00a0Den er\u00a0ligeledes velegnet til\u00a0<strong>ekstra varme<\/strong>, for eksempel til agilityhunde efter tr\u00e6ning eller til hunde, der har brug for varme p\u00e5 grund af deres alder eller helbred.<\/p>\n<p>Det tekniske overflademateriale i den brugervenlige frakke er fremragende til leg. Expedition Parka er designet til at give mulighed for udvidet bev\u00e6gelsesfrihed, n\u00e5r hunden l\u00f8ber og leger. De vand- og vindt\u00e6tte bl\u00f8de elastiske segmenter foran er fleksible og f\u00f8lger hundens bev\u00e6gelser.<\/p>\n<p>Halsudsk\u00e6ringen, l\u00e6ngden af \u200b\u200bryggen og kraveomkredsen p\u00e5 Expedition Parka kan justeres.<\/p>\n<p>Expedition Parka har v\u00e6ret en kundefavorit i \u00e5revis, men i denne nye og forbedrede version er der lavet nogle hundevenlige opdateringer for at g\u00f8re den endnu bedre. Bl.a. gennemt\u00e6nkt placerede l\u00e6g foran, der giver mere bev\u00e6gelsesfrihed, n\u00e5r din hund l\u00f8ber eller leger.<\/p>\n<p>Syningerne p\u00e5 ryggen er skjult inde i jakken, og \u00e5bningen til snoren er blevet redesignet for at forbedre vejrbestandigheden.<\/p>\n<ul>\n<li>Matchende stof og b\u00e6lte<\/li>\n<li>Praktisk \u00e5bning til fastg\u00f8relse af af linen til selen<\/li>\n<li>Oph\u00e6ngningsstrop til nem opbevaring eller t\u00f8rring<\/li>\n<li>Reflekterende kant p\u00e5 begge sider for ekstra sikkerhed i svagt lys<\/li>\n<li>\u00c5bning til sele p\u00e5 st\u00f8rrelse 28-80 og l\u00f8kke til snor p\u00e5 st\u00f8rrelse 23-25<\/li>\n<li>Perfekt til udend\u00f8rs temperatur mellem 0\u00ba C og -25\u00baC<\/li>\n<li>Vandt\u00e6t til mindst 10.000 mm vands\u00f8jle, kritiske s\u00f8mme tapede<\/li>\n<li>80-100 % af materialerne er genanvendte<\/li>\n<\/ul>\n<div class=\"font-weight-bold\">Materialer<\/div>\n<div>Skal: bluesign\u00ae-godkendt 100% genanvendt PES 300D melange med Houndtex\u00ae TPU-membran, Inderside: Bl\u00f8d finish 100% genanvendt PES teknisk 135g strikket foring. Fyld: 140g (st\u00f8rrelse 30-80) \/ 120g (st\u00f8rrelse 23-27)<\/div>\n<div><\/div>\n<div>Farver: Blackberry, Strawberry, Ocean og Parsley.<\/div>\n<div><\/div>\n<div>St\u00f8rrelser: 23 &#8211; 80 cm<\/div>\n","protected":false},"excerpt":{"rendered":"<p>Expedition Parka II er et glimrende valg\u00a0til sm\u00e5 og store eventyr i koldt vejr for alle hunde. Expedition Parkaen er\u00a0specielt udviklet til korth\u00e5rede hunde og hunde uden underuld, men i kolde forhold er den\u00a0ogs\u00e5 velegnet til alle andre hunde.\u00a0Den er\u00a0ligeledes velegnet til\u00a0ekstra varme, for eksempel til agilityhunde efter tr\u00e6ning eller til hunde, der har brug [&hellip;]<\/p>\n","protected":false},"featured_media":7368,"comment_status":"open","ping_status":"closed","template":"","meta":[],"product_brand":[222],"product_cat":[336],"product_tag":[476,475],"class_list":{"0":"post-7334","1":"product","2":"type-product","3":"status-publish","4":"has-post-thumbnail","6":"product_brand-hurtta","7":"product_cat-daekken","8":"product_tag-hunde-vinterjakke","9":"product_tag-hundedaekken","10":"pa_farve-blackberry","11":"pa_farve-ocean","12":"pa_farve-strawberry","13":"pa_stoerrelse-23cm","14":"pa_stoerrelse-25cm","15":"pa_stoerrelse-28cm","16":"pa_stoerrelse-30cm","17":"pa_stoerrelse-35cm","18":"pa_stoerrelse-40cm","19":"pa_stoerrelse-45cm","20":"pa_stoerrelse-50cm","21":"pa_stoerrelse-55cm","22":"pa_stoerrelse-60cm","23":"pa_stoerrelse-65cm","24":"pa_stoerrelse-70cm","25":"pa_stoerrelse-80cm","27":"first","28":"instock","29":"taxable","30":"shipping-taxable","31":"purchasable","32":"product-type-variable"},"_links":{"self":[{"href":"https:\/\/barf-aalborg.dk\/index.php\/wp-json\/wp\/v2\/product\/7334","targetHints":{"allow":["GET"]}}],"collection":[{"href":"https:\/\/barf-aalborg.dk\/index.php\/wp-json\/wp\/v2\/product"}],"about":[{"href":"https:\/\/barf-aalborg.dk\/index.php\/wp-json\/wp\/v2\/types\/product"}],"replies":[{"embeddable":true,"href":"https:\/\/barf-aalborg.dk\/index.php\/wp-json\/wp\/v2\/comments?post=7334"}],"version-history":[{"count":1,"href":"https:\/\/barf-aalborg.dk\/index.php\/wp-json\/wp\/v2\/product\/7334\/revisions"}],"predecessor-version":[{"id":7415,"href":"https:\/\/barf-aalborg.dk\/index.php\/wp-json\/wp\/v2\/product\/7334\/revisions\/7415"}],"wp:featuredmedia":[{"embeddable":true,"href":"https:\/\/barf-aalborg.dk\/index.php\/wp-json\/wp\/v2\/media\/7368"}],"wp:attachment":[{"href":"https:\/\/barf-aalborg.dk\/index.php\/wp-json\/wp\/v2\/media?parent=7334"}],"wp:term":[{"taxonomy":"product_brand","embeddable":true,"href":"https:\/\/barf-aalborg.dk\/index.php\/wp-json\/wp\/v2\/product_brand?post=7334"},{"taxonomy":"product_cat","embeddable":true,"href":"https:\/\/barf-aalborg.dk\/index.php\/wp-json\/wp\/v2\/product_cat?post=7334"},{"taxonomy":"product_tag","embeddable":true,"href":"https:\/\/barf-aalborg.dk\/index.php\/wp-json\/wp\/v2\/product_tag?post=7334"}],"curies":[{"name":"wp","href":"https:\/\/api.w.org\/{rel}","templated":true}]}}

Hurtta Expedition Parka II hundedækken

<p>Expedition Parka II er et glimrende valg <strong>til små og store eventyr i koldt vejr for alle hunde.</strong></p>
<p>Expedition Parkaen er <strong>specielt udviklet til korthårede hunde og hunde uden underuld</strong>, men i kolde forhold er den <strong>også velegnet til alle andre hunde.</strong> Den er ligeledes velegnet til <strong>ekstra varme</strong>, for eksempel til agilityhunde efter træning eller til hunde, der har brug for varme på grund af deres alder eller helbred.</p>
<p>Det tekniske overflademateriale i den brugervenlige frakke er fremragende til leg. Expedition Parka er designet til at give mulighed for udvidet bevægelsesfrihed, når hunden løber og leger. De vand- og vindtætte bløde elastiske segmenter foran er fleksible og følger hundens bevægelser.</p>
<p>Halsudskæringen, længden af ​​ryggen og kraveomkredsen på Expedition Parka kan justeres.</p>
<p>Expedition Parka har været en kundefavorit i årevis, men i denne nye og forbedrede version er der lavet nogle hundevenlige opdateringer for at gøre den endnu bedre. Bl.a. gennemtænkt placerede læg foran, der giver mere bevægelsesfrihed, når din hund løber eller leger.</p>
<p>Syningerne på ryggen er skjult inde i jakken, og åbningen til snoren er blevet redesignet for at forbedre vejrbestandigheden.</p>
<ul>
<li>Matchende stof og bælte</li>
<li>Praktisk åbning til fastgørelse af af linen til selen</li>
<li>Ophængningsstrop til nem opbevaring eller tørring</li>
<li>Reflekterende kant på begge sider for ekstra sikkerhed i svagt lys</li>
<li>Åbning til sele på størrelse 28-80 og løkke til snor på størrelse 23-25</li>
<li>Perfekt til udendørs temperatur mellem 0º C og -25ºC</li>
<li>Vandtæt til mindst 10.000 mm vandsøjle, kritiske sømme tapede</li>
<li>80-100 % af materialerne er genanvendte</li>
</ul>
<div class="font-weight-bold">Materialer</div>
<div>Skal: bluesign®-godkendt 100% genanvendt PES 300D melange med Houndtex® TPU-membran, Inderside: Blød finish 100% genanvendt PES teknisk 135g strikket foring. Fyld: 140g (størrelse 30-80) / 120g (størrelse 23-27)</div>
<div></div>
<div>Farver: Blackberry, Strawberry, Ocean og Parsley.</div>
<div></div>
<div>Størrelser: 23 &#8211; 80 cm</div>

<p>Expedition Parka II er et glimrende valg til små og store eventyr i koldt vejr for alle hunde. Expedition Parkaen er specielt udviklet til korthårede hunde og hunde uden underuld, men i kolde forhold er den også velegnet til alle andre hunde. Den er ligeledes velegnet til ekstra varme, for eksempel til agilityhunde efter træning eller til hunde, der har brug [&hellip;]</p>
