{"id":6411,"date":"2025-05-10T12:31:01","date_gmt":"2025-05-10T10:31:01","guid":{"rendered":"https:\/\/barf-aalborg.dk\/?post_type=product&#038;p=6411"},"modified":"2025-05-10T12:47:51","modified_gmt":"2025-05-10T10:47:51","slug":"non-stop-throw-toy","status":"publish","type":"product","link":"https:\/\/barf-aalborg.dk\/index.php\/vare\/non-stop-throw-toy\/","title":{"rendered":"Non-Stop Throw Toy"},"content":{"rendered":"<p>Throw Toy fra Non-Stop er et kombinerer hundeleget\u00f8j med holdbarhed, sjov og berigelse \u2013 alt sammen i \u00e9t! Dens gennemt\u00e6nkt designede struktur holder din hund engageret, stimuleret og glad.<\/p>\n<p>Det hule center tilf\u00f8jer endnu et niveau af sp\u00e6nding &#8211; fyld det med godbidder eller frys endda flydende mad for en langvarig slikkeoplevelse. Dette g\u00f8r hundekasteleget\u00f8jet til et perfekt v\u00e6rkt\u00f8j til mental stimulering, beroligende tyggetrang og givende berigelse.<\/p>\n<p>Dette holdbare leget\u00f8j er bygget til at modst\u00e5 op til 2000 kg bidekraft og kan modst\u00e5 robuste tryggere. Den er fremstillet af naturligt, giftfrit gummi og bambusfibre og er sk\u00e5nsom mod t\u00e6nder og tandk\u00f8d, hvilket sikrer sikker og bekymringsfri leg.<\/p>\n<p>Hundekasteleget\u00f8jet f\u00e5s i \u00e9n st\u00f8rrelse til mellemstore til store hunde.<\/p>\n","protected":false},"excerpt":{"rendered":"<p>Throw Toy fra Non-Stop er et kombinerer hundeleget\u00f8j med holdbarhed, sjov og berigelse \u2013 alt sammen i \u00e9t! Dens gennemt\u00e6nkt designede struktur holder din hund engageret, stimuleret og glad. Det hule center tilf\u00f8jer endnu et niveau af sp\u00e6nding &#8211; fyld det med godbidder eller frys endda flydende mad for en langvarig slikkeoplevelse. Dette g\u00f8r hundekasteleget\u00f8jet [&hellip;]<\/p>\n","protected":false},"featured_media":6417,"comment_status":"open","ping_status":"closed","template":"","meta":[],"product_brand":[241],"product_cat":[313],"product_tag":[67,68],"class_list":{"0":"post-6411","1":"product","2":"type-product","3":"status-publish","4":"has-post-thumbnail","6":"product_brand-non-stop-dogwear","7":"product_cat-hundelegetoej","8":"product_tag-aktivering-til-hunde","9":"product_tag-hundelegetoej","11":"first","12":"instock","13":"taxable","14":"shipping-taxable","15":"purchasable","16":"product-type-simple"},"_links":{"self":[{"href":"https:\/\/barf-aalborg.dk\/index.php\/wp-json\/wp\/v2\/product\/6411","targetHints":{"allow":["GET"]}}],"collection":[{"href":"https:\/\/barf-aalborg.dk\/index.php\/wp-json\/wp\/v2\/product"}],"about":[{"href":"https:\/\/barf-aalborg.dk\/index.php\/wp-json\/wp\/v2\/types\/product"}],"replies":[{"embeddable":true,"href":"https:\/\/barf-aalborg.dk\/index.php\/wp-json\/wp\/v2\/comments?post=6411"}],"version-history":[{"count":1,"href":"https:\/\/barf-aalborg.dk\/index.php\/wp-json\/wp\/v2\/product\/6411\/revisions"}],"predecessor-version":[{"id":6418,"href":"https:\/\/barf-aalborg.dk\/index.php\/wp-json\/wp\/v2\/product\/6411\/revisions\/6418"}],"wp:featuredmedia":[{"embeddable":true,"href":"https:\/\/barf-aalborg.dk\/index.php\/wp-json\/wp\/v2\/media\/6417"}],"wp:attachment":[{"href":"https:\/\/barf-aalborg.dk\/index.php\/wp-json\/wp\/v2\/media?parent=6411"}],"wp:term":[{"taxonomy":"product_brand","embeddable":true,"href":"https:\/\/barf-aalborg.dk\/index.php\/wp-json\/wp\/v2\/product_brand?post=6411"},{"taxonomy":"product_cat","embeddable":true,"href":"https:\/\/barf-aalborg.dk\/index.php\/wp-json\/wp\/v2\/product_cat?post=6411"},{"taxonomy":"product_tag","embeddable":true,"href":"https:\/\/barf-aalborg.dk\/index.php\/wp-json\/wp\/v2\/product_tag?post=6411"}],"curies":[{"name":"wp","href":"https:\/\/api.w.org\/{rel}","templated":true}]}}