{"id":6407,"date":"2025-05-10T12:00:42","date_gmt":"2025-05-10T10:00:42","guid":{"rendered":"https:\/\/barf-aalborg.dk\/?post_type=product&#038;p=6407"},"modified":"2025-05-10T12:48:14","modified_gmt":"2025-05-10T10:48:14","slug":"non-stop-flying-disc","status":"publish","type":"product","link":"https:\/\/barf-aalborg.dk\/index.php\/vare\/non-stop-flying-disc\/","title":{"rendered":"Non-Stop Flying Disc"},"content":{"rendered":"<p><span data-olk-copy-source=\"MessageBody\">En fleksibel og aerodynamisk flyvende disc, velegnet til korte og mellemlange kast. <\/span><\/p>\n<p><span data-olk-copy-source=\"MessageBody\">Det bl\u00f8de materiale beskytter din hunds t\u00e6nder og tandk\u00f8d, og den klare orange farve sikrer god synlighed.<\/span><\/p>\n<p>&nbsp;<\/p>\n<p><span data-olk-copy-source=\"MessageBody\">Alt vores leget\u00f8j er lavet af naturgummi (59\u202f%) og bambusfibre (41\u202f%), hvilket g\u00f8r dem sikre, giftfri og milj\u00f8venlige.<\/span><\/p>\n","protected":false},"excerpt":{"rendered":"<p>En fleksibel og aerodynamisk flyvende disc, velegnet til korte og mellemlange kast. Det bl\u00f8de materiale beskytter din hunds t\u00e6nder og tandk\u00f8d, og den klare orange farve sikrer god synlighed. &nbsp; Alt vores leget\u00f8j er lavet af naturgummi (59\u202f%) og bambusfibre (41\u202f%), hvilket g\u00f8r dem sikre, giftfri og milj\u00f8venlige.<\/p>\n","protected":false},"featured_media":6408,"comment_status":"closed","ping_status":"closed","template":"","meta":[],"product_brand":[241],"product_cat":[313],"product_tag":[67,68],"class_list":{"0":"post-6407","1":"product","2":"type-product","3":"status-publish","4":"has-post-thumbnail","6":"product_brand-non-stop-dogwear","7":"product_cat-hundelegetoej","8":"product_tag-aktivering-til-hunde","9":"product_tag-hundelegetoej","11":"first","12":"instock","13":"taxable","14":"shipping-taxable","15":"purchasable","16":"product-type-simple"},"_links":{"self":[{"href":"https:\/\/barf-aalborg.dk\/index.php\/wp-json\/wp\/v2\/product\/6407","targetHints":{"allow":["GET"]}}],"collection":[{"href":"https:\/\/barf-aalborg.dk\/index.php\/wp-json\/wp\/v2\/product"}],"about":[{"href":"https:\/\/barf-aalborg.dk\/index.php\/wp-json\/wp\/v2\/types\/product"}],"replies":[{"embeddable":true,"href":"https:\/\/barf-aalborg.dk\/index.php\/wp-json\/wp\/v2\/comments?post=6407"}],"version-history":[{"count":1,"href":"https:\/\/barf-aalborg.dk\/index.php\/wp-json\/wp\/v2\/product\/6407\/revisions"}],"predecessor-version":[{"id":6410,"href":"https:\/\/barf-aalborg.dk\/index.php\/wp-json\/wp\/v2\/product\/6407\/revisions\/6410"}],"wp:featuredmedia":[{"embeddable":true,"href":"https:\/\/barf-aalborg.dk\/index.php\/wp-json\/wp\/v2\/media\/6408"}],"wp:attachment":[{"href":"https:\/\/barf-aalborg.dk\/index.php\/wp-json\/wp\/v2\/media?parent=6407"}],"wp:term":[{"taxonomy":"product_brand","embeddable":true,"href":"https:\/\/barf-aalborg.dk\/index.php\/wp-json\/wp\/v2\/product_brand?post=6407"},{"taxonomy":"product_cat","embeddable":true,"href":"https:\/\/barf-aalborg.dk\/index.php\/wp-json\/wp\/v2\/product_cat?post=6407"},{"taxonomy":"product_tag","embeddable":true,"href":"https:\/\/barf-aalborg.dk\/index.php\/wp-json\/wp\/v2\/product_tag?post=6407"}],"curies":[{"name":"wp","href":"https:\/\/api.w.org\/{rel}","templated":true}]}}