{"id":6066,"date":"2025-05-03T11:26:57","date_gmt":"2025-05-03T09:26:57","guid":{"rendered":"https:\/\/barf-aalborg.dk\/?post_type=product&#038;p=6066"},"modified":"2025-05-03T11:26:57","modified_gmt":"2025-05-03T09:26:57","slug":"belcando-finest-senior-gf-instant-sauce","status":"publish","type":"product","link":"https:\/\/barf-aalborg.dk\/index.php\/vare\/belcando-finest-senior-gf-instant-sauce\/","title":{"rendered":"Belcando Finest Senior GF Instant Sauce"},"content":{"rendered":"<p><strong>Belcando Senior GF Finest<\/strong><\/p>\n<p>Til voksne, overv\u00e6gtige eller \u00e6ldre hunde af sm\u00e5 og mellemstore racer med f\u00f8lsomhed over for korn<\/p>\n<p>Animalsk proteinindhold af total protein: 75% (af fjerkr\u00e6 50%, af fisk 15%, af gelatine 10%)<\/p>\n<p>R\u00f8rt sammen med varmt vand dannes en l\u00e6kker sauce.<\/p>\n<p><strong>Sammens\u00e6tning:<\/strong><\/p>\n<p>Frisk fjerkr\u00e6k\u00f8d (40%); Amaranth (19%); Kartoffelstivelse; \u00c6rtemel; Hydrolyseret lever fra fjerkr\u00e6 (4,5%); T\u00f8rret fjerkr\u00e6protein med lavt askeindhold (2,5%); Formalede havdyrsplankton (krill\u00a02,5%); Hydrolysert gelatin (2,5%); T\u00f8rret bryggerig\u00e6r (2,5%);<\/p>\n<p>Druekerner; T\u00f8rrede johannesbr\u00f8db\u00e6lge; T\u00f8rrede afsukrede roesnitter; Fiskemel fra havfisk (2%); Fjerkr\u00e6fedt; Chia fr\u00f8; Calciumcarbonat; Dicalciumphosphat; Kaliumchlorid; Natriumchlorid; T\u00f8rrede urter (i alt: 0,2%, br\u00e6nden\u00e6lde blade, ensianrod,<\/p>\n<p>gyldenurt, kamille, fennikel, kommen, mistelten, r\u00f8llik, bromb\u00e6rblade); Yuccaekstrakt.<\/p>\n<p><strong>Analytiske bestanddele:<\/strong><\/p>\n<p>Protein 19,5%, fedtindhold 12%, r\u00e5aske 5,5%, r\u00e5fibre 4,3%, vand 10%, Calcium 0,8%, Fosfor 0,55%, Natrium 0,25%<\/p>\n<p><strong>Tils\u00e6tningsstoffer pr. kg:<\/strong><\/p>\n<p>vitamin A 15.000 IE; vitamin D3 1.500 IE; vitamin E 150 mg; kobber (som kobber(II)sulfat\u2014vand (1\/5)) 12,5 mg; jern (som jern(II)sulfat, monohydrat) 200 mg; mangan (som mangan(II)oxid) 40 mg; zink (som zinkoxid) 150 mg; iod (som calciumiodat, vandfri)<\/p>\n<p>2,0 mg; selen (som natriumselenit) 0,05 mg<\/p>\n<p>Teknologiske tils\u00e6tningsstoffer: tocopherolekstrakt fra vegetabil-ske olier (naturligt vitamin E) 48 mg<\/p>\n<p><b>Fodringsanbefaling:<\/b><\/p>\n<table class=\"Table\">\n<tbody>\n<tr>\n<td valign=\"top\" width=\"83\"><\/td>\n<td valign=\"top\" width=\"93\">\n<p align=\"center\">Normal<\/p>\n<\/td>\n<td valign=\"top\" width=\"93\">Reduceret aktivitet<\/td>\n<\/tr>\n<tr>\n<td valign=\"top\" width=\"83\">\n<p align=\"center\">3-5 kg*<\/p>\n<\/td>\n<td valign=\"top\" width=\"93\">\n<p align=\"center\">60-90 g<\/p>\n<\/td>\n<td valign=\"top\" width=\"93\">\n<p align=\"center\">50-80 g<\/p>\n<\/td>\n<\/tr>\n<tr>\n<td valign=\"top\" width=\"83\">\n<p align=\"center\">5-15 kg*<\/p>\n<\/td>\n<td valign=\"top\" width=\"93\">\n<p align=\"center\">90-200 g<\/p>\n<\/td>\n<td valign=\"top\" width=\"93\">\n<p align=\"center\">80-180 g<\/p>\n<\/td>\n<\/tr>\n<tr>\n<td valign=\"top\" width=\"83\">\n<p align=\"center\">15-25 kg*<\/p>\n<\/td>\n<td valign=\"top\" width=\"93\">\n<p align=\"center\">200-300 g<\/p>\n<\/td>\n<td valign=\"top\" width=\"93\">\n<p align=\"center\">180-260 g<\/p>\n<\/td>\n<\/tr>\n<\/tbody>\n<\/table>\n<p><b>Anbefalede foderm\u00e6ngder pr. dyr i g\/dag<\/b><br \/>\n*V\u00e6gt, udvokset.<\/p>\n","protected":false},"excerpt":{"rendered":"<p>Belcando Senior GF Finest Til voksne, overv\u00e6gtige eller \u00e6ldre hunde af sm\u00e5 og mellemstore racer med f\u00f8lsomhed over for korn Animalsk proteinindhold af total protein: 75% (af fjerkr\u00e6 50%, af fisk 15%, af gelatine 10%) R\u00f8rt sammen med varmt vand dannes en l\u00e6kker sauce. Sammens\u00e6tning: Frisk fjerkr\u00e6k\u00f8d (40%); Amaranth (19%); Kartoffelstivelse; \u00c6rtemel; Hydrolyseret lever fra [&hellip;]<\/p>\n","protected":false},"featured_media":6056,"comment_status":"closed","ping_status":"closed","template":"","meta":[],"product_brand":[208],"product_cat":[260,17],"product_tag":[20,65,19],"class_list":{"0":"post-6066","1":"product","2":"type-product","3":"status-publish","4":"has-post-thumbnail","6":"product_brand-belcando","7":"product_cat-belcando","8":"product_cat-toerfoder","9":"product_tag-hundefoder","10":"product_tag-kornfrit-toerfoder-til-hunde","11":"product_tag-toerfoder","12":"pa_kilo-285","13":"pa_kilo-287","14":"pa_kilo-286","16":"first","17":"instock","18":"taxable","19":"shipping-taxable","20":"purchasable","21":"product-type-variable"},"_links":{"self":[{"href":"https:\/\/barf-aalborg.dk\/index.php\/wp-json\/wp\/v2\/product\/6066","targetHints":{"allow":["GET"]}}],"collection":[{"href":"https:\/\/barf-aalborg.dk\/index.php\/wp-json\/wp\/v2\/product"}],"about":[{"href":"https:\/\/barf-aalborg.dk\/index.php\/wp-json\/wp\/v2\/types\/product"}],"replies":[{"embeddable":true,"href":"https:\/\/barf-aalborg.dk\/index.php\/wp-json\/wp\/v2\/comments?post=6066"}],"version-history":[{"count":1,"href":"https:\/\/barf-aalborg.dk\/index.php\/wp-json\/wp\/v2\/product\/6066\/revisions"}],"predecessor-version":[{"id":6070,"href":"https:\/\/barf-aalborg.dk\/index.php\/wp-json\/wp\/v2\/product\/6066\/revisions\/6070"}],"wp:featuredmedia":[{"embeddable":true,"href":"https:\/\/barf-aalborg.dk\/index.php\/wp-json\/wp\/v2\/media\/6056"}],"wp:attachment":[{"href":"https:\/\/barf-aalborg.dk\/index.php\/wp-json\/wp\/v2\/media?parent=6066"}],"wp:term":[{"taxonomy":"product_brand","embeddable":true,"href":"https:\/\/barf-aalborg.dk\/index.php\/wp-json\/wp\/v2\/product_brand?post=6066"},{"taxonomy":"product_cat","embeddable":true,"href":"https:\/\/barf-aalborg.dk\/index.php\/wp-json\/wp\/v2\/product_cat?post=6066"},{"taxonomy":"product_tag","embeddable":true,"href":"https:\/\/barf-aalborg.dk\/index.php\/wp-json\/wp\/v2\/product_tag?post=6066"}],"curies":[{"name":"wp","href":"https:\/\/api.w.org\/{rel}","templated":true}]}}